{"id":738,"date":"2024-06-10T11:52:30","date_gmt":"2024-06-10T11:52:30","guid":{"rendered":"http:\/\/styroporpool.de\/?page_id=738"},"modified":"2024-06-10T11:54:53","modified_gmt":"2024-06-10T11:54:53","slug":"impressum","status":"publish","type":"page","link":"https:\/\/styroporpool.de\/index.php\/impressum\/","title":{"rendered":"Impressum"},"content":{"rendered":"\t\t<div data-elementor-type=\"wp-page\" data-elementor-id=\"738\" class=\"elementor elementor-738\">\n\t\t\t\t\t\t<section class=\"elementor-section elementor-top-section elementor-element elementor-element-1e884a87 elementor-section-boxed elementor-section-height-default elementor-section-height-default\" data-id=\"1e884a87\" data-element_type=\"section\" data-e-type=\"section\">\n\t\t\t\t\t\t<div class=\"elementor-container elementor-column-gap-default\">\n\t\t\t\t\t<div class=\"elementor-column elementor-col-100 elementor-top-column elementor-element elementor-element-7448430f\" data-id=\"7448430f\" data-element_type=\"column\" data-e-type=\"column\">\n\t\t\t<div class=\"elementor-widget-wrap elementor-element-populated\">\n\t\t\t\t\t\t<div class=\"elementor-element elementor-element-16c30766 elementor-widget elementor-widget-text-editor\" data-id=\"16c30766\" data-element_type=\"widget\" data-e-type=\"widget\" data-widget_type=\"text-editor.default\">\n\t\t\t\t<div class=\"elementor-widget-container\">\n\t\t\t\t\t\t\t\t\t<p>Main Poolbau GmbH &amp; Co. KG<br>Frankenstr. 1-4<br>63776 M\u00f6mbris<\/p>\n<p>Tel. + 49 (0) 6029 957 966 &#8211; 0 <\/p>\n<p>E-Mail: info@main-poolbau.de<br>Registergericht: Amtsgericht Aschaffenburg<br>Registernummer: HRA 6389<\/p>\n<p>Pers\u00f6nlich haftende Gesellschafterin der Main Poolbau GmbH &amp; Co. KG:<br>Main Poolbau Verwaltungs GmbH<br>Gesch\u00e4ftsf\u00fchrer der Main Poolbau Verwaltungs GmbH:<br>Jochen Weinmann<\/p>\n<p>Registergericht: Amtsgericht Aschaffenburg<br>Registernummer: HRB 16758<\/p>\n<p>Umsatzsteuer-Identifikationsnummer gem\u00e4\u00df \u00a7 27a Umsatzsteuergesetz:<br>DE353796627<br><\/p>\n<p>Redaktionelle Verantwortung:<br>Jochen Weinmann, Frankenstr. 1-4, 63776 M\u00f6mbris<\/p>\n<p>Haftungshinweis:<\/p>\n<p>Wir \u00fcbernehmen keinerlei Verantwortung oder Haftung f\u00fcr die Angaben auf dieser Webseite. Unser Ziel ist es, aktuelle und genaue Informationen bereitzustellen. Allerdings kann nicht garantiert werden, dass die auf dieser Webseite verf\u00fcgbaren Angaben tats\u00e4chlich aktuell, umfassend, komplett oder genau sind.<\/p>\n<p>Bei den bereitgestellten Informationen handelt es sich um solche allgemeiner Art, die nicht auf die besonderen Bed\u00fcrfnisse bestimmter Personen oder Unternehmen abgestimmt sind. Insbesondere soll durch sie keine Beratung erfolgen.<\/p>\n<p>Sofern von dieser Webseite auf andere Webseiten verwiesen wird, k\u00f6nnen wir deren Inhalt nicht beeinflussen und f\u00fcr diesen auch keine Verantwortung \u00fcbernehmen.<\/p>\t\t\t\t\t\t\t\t<\/div>\n\t\t\t\t<\/div>\n\t\t\t\t\t<\/div>\n\t\t<\/div>\n\t\t\t\t\t<\/div>\n\t\t<\/section>\n\t\t\t\t<\/div>\n\t\t","protected":false},"excerpt":{"rendered":"<p>Main Poolbau GmbH &amp; Co. KGFrankenstr. 1-463776 M\u00f6mbris Tel. + 49 (0) 6029 957 966 &#8211; 0 E-Mail: info@main-poolbau.deRegistergericht: Amtsgericht [&hellip;]<\/p>\n","protected":false},"author":1,"featured_media":0,"parent":0,"menu_order":0,"comment_status":"closed","ping_status":"closed","template":"","meta":{"site-sidebar-layout":"no-sidebar","site-content-layout":"","ast-site-content-layout":"full-width-container","site-content-style":"default","site-sidebar-style":"default","ast-global-header-display":"","ast-banner-title-visibility":"","ast-main-header-display":"","ast-hfb-above-header-display":"","ast-hfb-below-header-display":"","ast-hfb-mobile-header-display":"","site-post-title":"disabled","ast-breadcrumbs-content":"","ast-featured-img":"disabled","footer-sml-layout":"","ast-disable-related-posts":"","theme-transparent-header-meta":"","adv-header-id-meta":"","stick-header-meta":"","header-above-stick-meta":"","header-main-stick-meta":"","header-below-stick-meta":"","astra-migrate-meta-layouts":"default","ast-page-background-enabled":"default","ast-page-background-meta":{"desktop":{"background-color":"var(--ast-global-color-4)","background-image":"","background-repeat":"repeat","background-position":"center center","background-size":"auto","background-attachment":"scroll","background-type":"","background-media":"","overlay-type":"","overlay-color":"","overlay-opacity":"","overlay-gradient":""},"tablet":{"background-color":"","background-image":"","background-repeat":"repeat","background-position":"center center","background-size":"auto","background-attachment":"scroll","background-type":"","background-media":"","overlay-type":"","overlay-color":"","overlay-opacity":"","overlay-gradient":""},"mobile":{"background-color":"","background-image":"","background-repeat":"repeat","background-position":"center center","background-size":"auto","background-attachment":"scroll","background-type":"","background-media":"","overlay-type":"","overlay-color":"","overlay-opacity":"","overlay-gradient":""}},"ast-content-background-meta":{"desktop":{"background-color":"var(--ast-global-color-5)","background-image":"","background-repeat":"repeat","background-position":"center center","background-size":"auto","background-attachment":"scroll","background-type":"","background-media":"","overlay-type":"","overlay-color":"","overlay-opacity":"","overlay-gradient":""},"tablet":{"background-color":"var(--ast-global-color-5)","background-image":"","background-repeat":"repeat","background-position":"center center","background-size":"auto","background-attachment":"scroll","background-type":"","background-media":"","overlay-type":"","overlay-color":"","overlay-opacity":"","overlay-gradient":""},"mobile":{"background-color":"var(--ast-global-color-5)","background-image":"","background-repeat":"repeat","background-position":"center center","background-size":"auto","background-attachment":"scroll","background-type":"","background-media":"","overlay-type":"","overlay-color":"","overlay-opacity":"","overlay-gradient":""}},"footnotes":""},"class_list":["post-738","page","type-page","status-publish","hentry"],"yoast_head":"<!-- This site is optimized with the Yoast SEO plugin v27.5 - https:\/\/yoast.com\/product\/yoast-seo-wordpress\/ -->\n<title>Impressum - TrendStone<\/title>\n<meta name=\"robots\" content=\"index, follow, max-snippet:-1, max-image-preview:large, max-video-preview:-1\" \/>\n<link rel=\"canonical\" href=\"https:\/\/styroporpool.de\/index.php\/impressum\/\" \/>\n<meta property=\"og:locale\" content=\"de_DE\" \/>\n<meta property=\"og:type\" content=\"article\" \/>\n<meta property=\"og:title\" content=\"Impressum - TrendStone\" \/>\n<meta property=\"og:description\" content=\"Main Poolbau GmbH &amp; Co. KGFrankenstr. 1-463776 M\u00f6mbris Tel. + 49 (0) 6029 957 966 &#8211; 0 E-Mail: info@main-poolbau.deRegistergericht: Amtsgericht [&hellip;]\" \/>\n<meta property=\"og:url\" content=\"https:\/\/styroporpool.de\/index.php\/impressum\/\" \/>\n<meta property=\"og:site_name\" content=\"TrendStone\" \/>\n<meta property=\"article:modified_time\" content=\"2024-06-10T11:54:53+00:00\" \/>\n<meta name=\"twitter:card\" content=\"summary_large_image\" \/>\n<meta name=\"twitter:label1\" content=\"Gesch\u00e4tzte Lesezeit\" \/>\n\t<meta name=\"twitter:data1\" content=\"1\u00a0Minute\" \/>\n<script type=\"application\/ld+json\" class=\"yoast-schema-graph\">{\"@context\":\"https:\\\/\\\/schema.org\",\"@graph\":[{\"@type\":\"WebPage\",\"@id\":\"https:\\\/\\\/styroporpool.de\\\/index.php\\\/impressum\\\/\",\"url\":\"https:\\\/\\\/styroporpool.de\\\/index.php\\\/impressum\\\/\",\"name\":\"Impressum - TrendStone\",\"isPartOf\":{\"@id\":\"https:\\\/\\\/styroporpool.de\\\/#website\"},\"datePublished\":\"2024-06-10T11:52:30+00:00\",\"dateModified\":\"2024-06-10T11:54:53+00:00\",\"breadcrumb\":{\"@id\":\"https:\\\/\\\/styroporpool.de\\\/index.php\\\/impressum\\\/#breadcrumb\"},\"inLanguage\":\"de\",\"potentialAction\":[{\"@type\":\"ReadAction\",\"target\":[\"https:\\\/\\\/styroporpool.de\\\/index.php\\\/impressum\\\/\"]}]},{\"@type\":\"BreadcrumbList\",\"@id\":\"https:\\\/\\\/styroporpool.de\\\/index.php\\\/impressum\\\/#breadcrumb\",\"itemListElement\":[{\"@type\":\"ListItem\",\"position\":1,\"name\":\"Startseite\",\"item\":\"https:\\\/\\\/styroporpool.de\\\/\"},{\"@type\":\"ListItem\",\"position\":2,\"name\":\"Impressum\"}]},{\"@type\":\"WebSite\",\"@id\":\"https:\\\/\\\/styroporpool.de\\\/#website\",\"url\":\"https:\\\/\\\/styroporpool.de\\\/\",\"name\":\"TrendStone\",\"description\":\"\",\"publisher\":{\"@id\":\"https:\\\/\\\/styroporpool.de\\\/#organization\"},\"potentialAction\":[{\"@type\":\"SearchAction\",\"target\":{\"@type\":\"EntryPoint\",\"urlTemplate\":\"https:\\\/\\\/styroporpool.de\\\/?s={search_term_string}\"},\"query-input\":{\"@type\":\"PropertyValueSpecification\",\"valueRequired\":true,\"valueName\":\"search_term_string\"}}],\"inLanguage\":\"de\"},{\"@type\":\"Organization\",\"@id\":\"https:\\\/\\\/styroporpool.de\\\/#organization\",\"name\":\"TrendStone\",\"url\":\"https:\\\/\\\/styroporpool.de\\\/\",\"logo\":{\"@type\":\"ImageObject\",\"inLanguage\":\"de\",\"@id\":\"https:\\\/\\\/styroporpool.de\\\/#\\\/schema\\\/logo\\\/image\\\/\",\"url\":\"https:\\\/\\\/styroporpool.de\\\/wp-content\\\/uploads\\\/2024\\\/10\\\/TrendStone-Logo-Schwarz.png\",\"contentUrl\":\"https:\\\/\\\/styroporpool.de\\\/wp-content\\\/uploads\\\/2024\\\/10\\\/TrendStone-Logo-Schwarz.png\",\"width\":968,\"height\":284,\"caption\":\"TrendStone\"},\"image\":{\"@id\":\"https:\\\/\\\/styroporpool.de\\\/#\\\/schema\\\/logo\\\/image\\\/\"}}]}<\/script>\n<!-- \/ Yoast SEO plugin. -->","yoast_head_json":{"title":"Impressum - TrendStone","robots":{"index":"index","follow":"follow","max-snippet":"max-snippet:-1","max-image-preview":"max-image-preview:large","max-video-preview":"max-video-preview:-1"},"canonical":"https:\/\/styroporpool.de\/index.php\/impressum\/","og_locale":"de_DE","og_type":"article","og_title":"Impressum - TrendStone","og_description":"Main Poolbau GmbH &amp; Co. KGFrankenstr. 1-463776 M\u00f6mbris Tel. + 49 (0) 6029 957 966 &#8211; 0 E-Mail: info@main-poolbau.deRegistergericht: Amtsgericht [&hellip;]","og_url":"https:\/\/styroporpool.de\/index.php\/impressum\/","og_site_name":"TrendStone","article_modified_time":"2024-06-10T11:54:53+00:00","twitter_card":"summary_large_image","twitter_misc":{"Gesch\u00e4tzte Lesezeit":"1\u00a0Minute"},"schema":{"@context":"https:\/\/schema.org","@graph":[{"@type":"WebPage","@id":"https:\/\/styroporpool.de\/index.php\/impressum\/","url":"https:\/\/styroporpool.de\/index.php\/impressum\/","name":"Impressum - TrendStone","isPartOf":{"@id":"https:\/\/styroporpool.de\/#website"},"datePublished":"2024-06-10T11:52:30+00:00","dateModified":"2024-06-10T11:54:53+00:00","breadcrumb":{"@id":"https:\/\/styroporpool.de\/index.php\/impressum\/#breadcrumb"},"inLanguage":"de","potentialAction":[{"@type":"ReadAction","target":["https:\/\/styroporpool.de\/index.php\/impressum\/"]}]},{"@type":"BreadcrumbList","@id":"https:\/\/styroporpool.de\/index.php\/impressum\/#breadcrumb","itemListElement":[{"@type":"ListItem","position":1,"name":"Startseite","item":"https:\/\/styroporpool.de\/"},{"@type":"ListItem","position":2,"name":"Impressum"}]},{"@type":"WebSite","@id":"https:\/\/styroporpool.de\/#website","url":"https:\/\/styroporpool.de\/","name":"TrendStone","description":"","publisher":{"@id":"https:\/\/styroporpool.de\/#organization"},"potentialAction":[{"@type":"SearchAction","target":{"@type":"EntryPoint","urlTemplate":"https:\/\/styroporpool.de\/?s={search_term_string}"},"query-input":{"@type":"PropertyValueSpecification","valueRequired":true,"valueName":"search_term_string"}}],"inLanguage":"de"},{"@type":"Organization","@id":"https:\/\/styroporpool.de\/#organization","name":"TrendStone","url":"https:\/\/styroporpool.de\/","logo":{"@type":"ImageObject","inLanguage":"de","@id":"https:\/\/styroporpool.de\/#\/schema\/logo\/image\/","url":"https:\/\/styroporpool.de\/wp-content\/uploads\/2024\/10\/TrendStone-Logo-Schwarz.png","contentUrl":"https:\/\/styroporpool.de\/wp-content\/uploads\/2024\/10\/TrendStone-Logo-Schwarz.png","width":968,"height":284,"caption":"TrendStone"},"image":{"@id":"https:\/\/styroporpool.de\/#\/schema\/logo\/image\/"}}]}},"_links":{"self":[{"href":"https:\/\/styroporpool.de\/index.php\/wp-json\/wp\/v2\/pages\/738","targetHints":{"allow":["GET"]}}],"collection":[{"href":"https:\/\/styroporpool.de\/index.php\/wp-json\/wp\/v2\/pages"}],"about":[{"href":"https:\/\/styroporpool.de\/index.php\/wp-json\/wp\/v2\/types\/page"}],"author":[{"embeddable":true,"href":"https:\/\/styroporpool.de\/index.php\/wp-json\/wp\/v2\/users\/1"}],"replies":[{"embeddable":true,"href":"https:\/\/styroporpool.de\/index.php\/wp-json\/wp\/v2\/comments?post=738"}],"version-history":[{"count":4,"href":"https:\/\/styroporpool.de\/index.php\/wp-json\/wp\/v2\/pages\/738\/revisions"}],"predecessor-version":[{"id":744,"href":"https:\/\/styroporpool.de\/index.php\/wp-json\/wp\/v2\/pages\/738\/revisions\/744"}],"wp:attachment":[{"href":"https:\/\/styroporpool.de\/index.php\/wp-json\/wp\/v2\/media?parent=738"}],"curies":[{"name":"wp","href":"https:\/\/api.w.org\/{rel}","templated":true}]}}